
631
Let v(b) = -48*b - 144. What are the prime factors of v(-20)?
2, 3, 17
Let q = -2640 + 4183. What are the prime factors of q?
1543
Let r(p) = -10*p - 7. List the prime factors of r(-12).
113
Let g(f) = 6*f - 20. Suppose -4*t + 5*k + 54 = 0, 3*t + 3*k - 50 = 2*k. Suppose 3*c - 5*c = -t. What are the prime factors of g(c)?
2, 7
Suppose s - 101 + 42 = 5*t, s = -4*t + 41. Let y = s + 53. What are the prime factors of y?
2, 3, 17
Suppose 10*q + 5*z = 6*q + 5794, z = -q + 1449. List the prime factors of q.
1451
Let u = 719 - 398. What are the prime factors of u?
3, 107
Suppose -4*t + 0 = 16. What are the prime factors of (131/t)/((-13)/52)?
131
Let f(t) = -36*t + 6. Let n(s) = 36*s - 7. Let a(x) = 4*f(x) + 3*n(x). Let o be a(1). Let l = o - -54. What are the prime factors of l?
3, 7
Let o(g) = -g**3 - 5*g**2 - 5*g. Suppose 0 = 2*d + 28 - 20. List the prime factors of o(d).
2
Suppose -101 + 17 = -3*u. Let s = 43 + u. Let m = -43 + s. What are the prime factors of m?
2, 7
Let f(p) = p**3 - 11*p**2 + 6. Let r be f(11). Let k be r/9*(-3)/2. List the prime factors of 25 + k*12/4.
2, 11
Suppose -b = -6*x + 2*x + 2104, -5*x + 2*b + 2630 = 0. What are the prime factors of x?
2, 263
Suppose -97 + 0 = 4*y + j, 0 = -2*j + 6. Let v = 55 - y. Suppose x - 3*f + 0*f - 68 = 0, -f + v = x. List the prime factors of x.
7, 11
Suppose u = 4*x - 4285, -4*x - 2*u = -4800 + 530. What are the prime factors of x?
2, 5, 107
Let a be (1 + (4 - 15))*128/(-5). Suppose 4*x = -4*x + a. List the prime factors of x.
2
Suppose 216 = -30*l + 66*l. List the prime factors of l.
2, 3
What are the prime factors of (-13184)/(-20) + -3 - (-1)/(-5)?
2, 41
Let w(o) = -o**3 - 9*o**2 - 22*o - 26. List the prime factors of w(-11).
2, 229
List the prime factors of (-33)/9 + 3 - (-622)/6.
103
Let m be (-6 - 1376/(-136)) + 2/(-17). Let u = 4 + 34. Suppose x + 2*o = -x + u, -4*x = -m*o - 44. What are the prime factors of x?
3, 5
Suppose 0 = -4*u - 36 - 44. List the prime factors of u/(-15)*882/16*2.
3, 7
Let c(t) = -t**2 - 11*t - 14. Let f be c(-8). Suppose -3*q + f*q - 322 = 0. List the prime factors of q.
2, 23
List the prime factors of (20/4 + 108)*5.
5, 113
Let y be 53/5 - (-9)/(-15). Let q = y + -8. Suppose -q*l = -4*l - 3*g - 8, -2*l - 4*g = 12. What are the prime factors of l?
2
Suppose d + d = 5*p + 9, -1 = p. Let y be ((-2)/4)/(d/(-120)). Suppose 2*a = -10 + y. What are the prime factors of a?
2, 5
Let f be 1/4 - 2231/92. List the prime factors of f/(2 - 6) - -3.
3
Let q(g) = g - 10. Let p be q(8). Let k be 15/(-6) - p/4. What are the prime factors of (6 + 4)*(-5)/k?
5
Let f(y) = -2*y**3 + y**2 + 14 + 4*y**3 - y**3. Suppose -2*a + 5*j = -10, 4*a + 8 = -4*j - 0. What are the prime factors of f(a)?
2, 7
Let x = -488 + 691. List the prime factors of x.
7, 29
Suppose -v = -2 + 3. Let k be 0/((2 - 2) + v). Let d = k + 13. What are the prime factors of d?
13
Suppose -3*n + 20 = a, 2*a - 5*a = n - 84. Let d(o) = -o. Let i be d(2). Let x = i + a. List the prime factors of x.
3
Let a(c) = -6 - 17*c - 9*c + 29*c + c**3 + 8*c**2. What are the prime factors of a(-6)?
2, 3
Let y = -66 + 68. Suppose 114 = k - 5*b, 4*b + 238 = y*k - b. List the prime factors of k.
2, 31
Let b = -1488 - -2831. What are the prime factors of (-1)/1*1 + b/17?
2, 3, 13
Suppose 0 = 2*p + 28 + 4. Let n = -401 - -474. Let v = n + p. What are the prime factors of v?
3, 19
Let h(q) = -8*q - 10. Let a be h(-5). Let s = -40 + 24. Let o = s + a. What are the prime factors of o?
2, 7
Let l(i) = i**3 + 6*i**2 + 47*i - 16. List the prime factors of l(11).
2, 1279
Let z be 170/8 - (-2)/(-8). Let o be (13 - 52)*(-1 + (-2)/(-3)). Let m = z - o. List the prime factors of m.
2
Suppose 0 = -2*g + 3*t + 328, 2*t - 84 + 248 = g. Suppose 3*q = u - 69 - 35, -2*u + g = 5*q. List the prime factors of u.
2, 23
Suppose 3*h + 0*h - 6 = 0. Suppose 35 = h*f - f. What are the prime factors of f?
5, 7
Let p be (-4 - -1)/((-2721)/678 + 4). Suppose r + p = 2*f - r, 0 = -f - 5*r + 113. What are the prime factors of f?
113
Suppose -2*t + 3837 = -j - 563, -10986 = -5*t - j. What are the prime factors of t?
2, 7, 157
Let v be (-1)/(-1)*(-50)/(-10). Suppose v*z = 4*m - 417, 0*z = 5*m - 4*z - 519. Suppose -2*t = 2, 5*a - 51 - m = 4*t. What are the prime factors of a?
2, 3, 5
Let v = 9 + -10. Let b be v*2 - 6/(-3). Suppose -4*g + g + 21 = b. List the prime factors of g.
7
Let j(a) be the third derivative of a**6/40 - a**5/20 - a**4/8 - 2*a**3/3 - a**2. Suppose -20*m + 13*m + 21 = 0. List the prime factors of j(m).
41
What are the prime factors of (952/(-3))/(-1) + (-10)/(-15)?
2, 3, 53
Suppose 16*v + 3677 = 18061. What are the prime factors of v?
29, 31
Let o = -78 + 111. Let r be (-4)/(-10) - (-909)/15. Let i = r - o. List the prime factors of i.
2, 7
Let t(r) = -4*r - 6. Let s(d) = -5*d - 7. Let y(u) = -5*s(u) + 6*t(u). Let w be y(4). Suppose -w*f = -35 - 13. List the prime factors of f.
2
Let f(a) = 103*a**2 - 5*a + 44. What are the prime factors of f(-5)?
2, 661
Let n(c) = -3*c**3 + c**2 + 4*c + 3. Let o be n(-3). Let f be o/(-5) - 4/5. Let g = f + 20. What are the prime factors of g?
3
Let t(y) = -104*y - 147. What are the prime factors of t(-9)?
3, 263
Let k = 74 - 45. Suppose 2*u = -5*z + 44, -2*z = -u + 11 + k. What are the prime factors of u?
2
Suppose -100650 - 189210 = -60*k. What are the prime factors of k?
4831
List the prime factors of (-54)/(-6) + -5 + 799.
11, 73
Let f be 1 + (132 - (1 + 2)). Let a = f + -53. List the prime factors of a.
7, 11
Suppose -2*l - 5*s + 1958 = 0, 54*s = 5*l + 53*s - 4868. List the prime factors of l.
2, 487
Let t(w) = -6 - 2430*w + 2417*w - 19. What are the prime factors of t(-20)?
5, 47
Let u(l) = -2*l + 11*l**2 - 3*l - 15 + 5*l - l**3 + 3*l. List the prime factors of u(11).
2, 3
Suppose 1 = -2*h + 4*o - 11, 5*h + 30 = -5*o. Let r = 31 + h. List the prime factors of r.
5
Suppose 5*c + 2*t + 76 = 0, 3*t + 2*t - 42 = 2*c. Let r(n) = -n**3 - 15*n**2 + 7*n + 24. Let o be r(c). Suppose -u + 7*u = o. What are the prime factors of u?
2, 7
Suppose 3 = -d + 2*d. Suppose -2*h - d = -11. Suppose -3*k + 2*k = -a + 16, -34 = -2*a + h*k. What are the prime factors of a?
3, 5
Let m(x) = 3*x**2 + 0*x**2 + 2 + 5*x - 4*x**2. Let b be m(4). What are the prime factors of 2/b + 304/24?
13
Let d = 7 + -2. Suppose 275 = 5*a - 4*t + 43, a + d*t - 29 = 0. Suppose -m + a - 2 = 0. What are the prime factors of m?
2, 3, 7
Suppose -11*d + 6629 + 6813 = 0. What are the prime factors of d?
2, 13, 47
Let k(a) = -3*a + 5. Let w be k(2). Let x be 2 + w - -1*2. Suppose -1 - 113 = -x*p. List the prime factors of p.
2, 19
Let i(k) = -k**2 - 15*k - 1. Suppose 0 = -5*d - 19 - 11. What are the prime factors of i(d)?
53
Let q(n) = n - 1. Suppose 4*w - 2 = 2. Let h be q(w). Suppose -100 = -2*a - 4*t - h*t, 244 = 4*a - 3*t. List the prime factors of a.
2, 29
Let u(h) = -4*h + 50. Let t be u(7). List the prime factors of (-2541)/t*(-4)/6.
7, 11
Suppose 861 + 2043 = 24*g. What are the prime factors of g?
11
Suppose 2531 = 2*j - z, -5*j + 2*z + 4763 = -1563. List the prime factors of j.
2, 79
Let p = 337 - -1189. Suppose -7*l = -p + 189. What are the prime factors of l?
191
Let j be 6/((-7)/((-14)/3)). Suppose 11*g - 448 = j*g. List the prime factors of g.
2
Let s be (-14)/(-3) - 5/(-15). Suppose -g + s*g - 216 = -2*z, -3*g - 123 = -z. What are the prime factors of z?
2, 3, 19
Let z(n) = -n**3 + 9*n**2 - 9*n + 5. Let o be z(8). Let t be (-3)/((9/o)/3). List the prime factors of 42*(28/8 - t).
3, 7
Let r(i) = i**3 - 9*i**2 + 12*i - 6. Suppose -3*h - 36 = -5*v, 6*v = 4*v - 5*h + 33. Suppose -2*z + 25 = v. What are the prime factors of r(z)?
2, 13
Suppose 3745 + 407 = 4*w. List the prime factors of w.
2, 3, 173
Let l(z) = z**2 + 19*z - 27. List the prime factors of l(18).
3, 71
Suppose -y = 5*c + 578 - 2266, c + y - 336 = 0. List the prime factors of c.
2, 13
Suppose 3 - 5 = -2*v + 4*x, -5*v - 2*x = 19. Let z be (8/3 - 3)*v. What are the prime factors of 72/6 + (3 - z)?
2, 7
Suppose -n - 8 = -5*n. Suppose -3*j + 180 = n*j. List the prime factors of j.
2, 3
Let a(v) = 13*v**2 - v + 3. Suppose 3 - 19 = -4*t. What are the prime factors of a(t)?
3, 23
Let q be -1*3*(-12)/18. Let g be (-6)/(-9) - 12/(-9). Suppose q*o = -g*o + 36. What are the prime factors of o?
